{"id":335,"date":"2023-11-24T15:14:09","date_gmt":"2023-11-24T15:14:09","guid":{"rendered":"https:\/\/chateaudecalavon.com\/home-popup\/"},"modified":"2024-07-02T08:05:41","modified_gmt":"2024-07-02T08:05:41","slug":"home-popup","status":"publish","type":"page","link":"https:\/\/chateaudecalavon.com\/fr\/home-popup\/","title":{"rendered":"Home Pop-In"},"content":{"rendered":"<div class=\"wpb-content-wrapper\"><p>[vc_row][vc_column][vc_column_text el_class=\u00a0\u00bbtitle\u00a0\u00bb]<span class=\"f1\">Paella g\u00e9ante au Ch\u00e2teau de Calavon<\/span><\/p>\n<p><span class=\"f1\">Samedi 29 juin de 10h30 \u00e0 15h, venez vous r\u00e9galer et partager un moment de convivialit\u00e9<\/span>[\/vc_column_text][vc_single_image image=\u00a0\u00bb904&Prime;][vc_column_text el_class=\u00a0\u00bbtext\u00a0\u00bb]<span class=\"f2\">Le Ch\u00e2teau de Calavon vous invite \u00e0 venir partager une paella g\u00e9ante pr\u00e9par\u00e9e par Vincent et son \u00e9quipe. Des coquillages et crustac\u00e9s (hu\u00eetres, bulots, moules, couteaux, crevettes&#8230;) seront aussi propos\u00e9s.<br \/>\nSur place ou \u00e0 emporter, portion de paella vendue 13\u20ac.<\/span><\/p>\n<p><span class=\"f2\">Venez nombreux.<\/span><\/p>\n<p><span class=\"f2\">R\u00e9servation au 0442571537.<\/span>[\/vc_column_text][vc_btn title=\u00a0\u00bbPlus d&rsquo;infos\u00a0\u00bb align=\u00a0\u00bbcenter\u00a0\u00bb el_class=\u00a0\u00bbbtn-icon c4 f2&Prime; link=\u00a0\u00bburl:https%3A%2F%2Fchateaudecalavon.com%2Ffr%2Fevenements%2F|title:Ev%C3%A8nements|target:_blank\u00a0\u00bb][\/vc_column][\/vc_row]<\/p>\n<\/div>","protected":false},"excerpt":{"rendered":"<p>[vc_row][vc_column][vc_column_text el_class=\u00a0\u00bbtitle\u00a0\u00bb]Paella g\u00e9ante au Ch\u00e2teau de Calavon Samedi 29 juin de 10h30 \u00e0 15h, venez vous r\u00e9galer et partager un moment de convivialit\u00e9[\/vc_column_text][vc_single_image image=\u00a0\u00bb904&Prime;][vc_column_text el_class=\u00a0\u00bbtext\u00a0\u00bb]Le Ch\u00e2teau de Calavon vous invite \u00e0 venir partager une paella g\u00e9ante pr\u00e9par\u00e9e par Vincent et son \u00e9quipe. Des coquillages et crustac\u00e9s (hu\u00eetres, bulots, moules, couteaux, crevettes&#8230;) seront aussi propos\u00e9s. Sur [&hellip;]<\/p>\n","protected":false},"author":1,"featured_media":904,"parent":0,"menu_order":0,"comment_status":"closed","ping_status":"closed","template":"","meta":{"_acf_changed":false,"footnotes":""},"class_list":["post-335","page","type-page","status-publish","hentry"],"acf":[],"yoast_head":"<!-- This site is optimized with the Yoast SEO plugin v27.3 - https:\/\/yoast.com\/product\/yoast-seo-wordpress\/ -->\n<title>Home Pop-In - chateaudecalavon<\/title>\n<meta name=\"robots\" content=\"index, follow, max-snippet:-1, max-image-preview:large, max-video-preview:-1\" \/>\n<link rel=\"canonical\" href=\"https:\/\/chateaudecalavon.com\/fr\/home-popup\/\" \/>\n<meta property=\"og:locale\" content=\"fr_FR\" \/>\n<meta property=\"og:type\" content=\"article\" \/>\n<meta property=\"og:title\" content=\"Home Pop-In - chateaudecalavon\" \/>\n<meta property=\"og:description\" content=\"[vc_row][vc_column][vc_column_text el_class=\u00a0\u00bbtitle\u00a0\u00bb]Paella g\u00e9ante au Ch\u00e2teau de Calavon Samedi 29 juin de 10h30 \u00e0 15h, venez vous r\u00e9galer et partager un moment de convivialit\u00e9[\/vc_column_text][vc_single_image image=\u00a0\u00bb904&Prime;][vc_column_text el_class=\u00a0\u00bbtext\u00a0\u00bb]Le Ch\u00e2teau de Calavon vous invite \u00e0 venir partager une paella g\u00e9ante pr\u00e9par\u00e9e par Vincent et son \u00e9quipe. Des coquillages et crustac\u00e9s (hu\u00eetres, bulots, moules, couteaux, crevettes&#8230;) seront aussi propos\u00e9s. Sur [&hellip;]\" \/>\n<meta property=\"og:url\" content=\"https:\/\/chateaudecalavon.com\/fr\/home-popup\/\" \/>\n<meta property=\"og:site_name\" content=\"chateaudecalavon\" \/>\n<meta property=\"article:modified_time\" content=\"2024-07-02T08:05:41+00:00\" \/>\n<meta property=\"og:image\" content=\"https:\/\/chateaudecalavon.com\/wp-content\/uploads\/sites\/6\/2024\/06\/Venez-partager-notre-paella-geante-et-feter-lete-tous-ensemble2.png\" \/>\n\t<meta property=\"og:image:width\" content=\"827\" \/>\n\t<meta property=\"og:image:height\" content=\"827\" \/>\n\t<meta property=\"og:image:type\" content=\"image\/png\" \/>\n<meta name=\"twitter:card\" content=\"summary_large_image\" \/>\n<meta name=\"twitter:label1\" content=\"Dur\u00e9e de lecture estim\u00e9e\" \/>\n\t<meta name=\"twitter:data1\" content=\"1 minute\" \/>\n<script type=\"application\/ld+json\" class=\"yoast-schema-graph\">{\"@context\":\"https:\\\/\\\/schema.org\",\"@graph\":[{\"@type\":\"WebPage\",\"@id\":\"https:\\\/\\\/chateaudecalavon.com\\\/fr\\\/home-popup\\\/\",\"url\":\"https:\\\/\\\/chateaudecalavon.com\\\/fr\\\/home-popup\\\/\",\"name\":\"Home Pop-In - chateaudecalavon\",\"isPartOf\":{\"@id\":\"https:\\\/\\\/chateaudecalavon.com\\\/fr\\\/#website\"},\"primaryImageOfPage\":{\"@id\":\"https:\\\/\\\/chateaudecalavon.com\\\/fr\\\/home-popup\\\/#primaryimage\"},\"image\":{\"@id\":\"https:\\\/\\\/chateaudecalavon.com\\\/fr\\\/home-popup\\\/#primaryimage\"},\"thumbnailUrl\":\"https:\\\/\\\/chateaudecalavon.com\\\/wp-content\\\/uploads\\\/sites\\\/6\\\/2024\\\/06\\\/Venez-partager-notre-paella-geante-et-feter-lete-tous-ensemble2.png\",\"datePublished\":\"2023-11-24T15:14:09+00:00\",\"dateModified\":\"2024-07-02T08:05:41+00:00\",\"breadcrumb\":{\"@id\":\"https:\\\/\\\/chateaudecalavon.com\\\/fr\\\/home-popup\\\/#breadcrumb\"},\"inLanguage\":\"fr-FR\",\"potentialAction\":[{\"@type\":\"ReadAction\",\"target\":[\"https:\\\/\\\/chateaudecalavon.com\\\/fr\\\/home-popup\\\/\"]}]},{\"@type\":\"ImageObject\",\"inLanguage\":\"fr-FR\",\"@id\":\"https:\\\/\\\/chateaudecalavon.com\\\/fr\\\/home-popup\\\/#primaryimage\",\"url\":\"https:\\\/\\\/chateaudecalavon.com\\\/wp-content\\\/uploads\\\/sites\\\/6\\\/2024\\\/06\\\/Venez-partager-notre-paella-geante-et-feter-lete-tous-ensemble2.png\",\"contentUrl\":\"https:\\\/\\\/chateaudecalavon.com\\\/wp-content\\\/uploads\\\/sites\\\/6\\\/2024\\\/06\\\/Venez-partager-notre-paella-geante-et-feter-lete-tous-ensemble2.png\",\"width\":827,\"height\":827,\"caption\":\"Venez partager notre paella g\u00e9ante et f\u00eater l\u2019\u00e9t\u00e9 tous ensemble\"},{\"@type\":\"BreadcrumbList\",\"@id\":\"https:\\\/\\\/chateaudecalavon.com\\\/fr\\\/home-popup\\\/#breadcrumb\",\"itemListElement\":[{\"@type\":\"ListItem\",\"position\":1,\"name\":\"Home\",\"item\":\"https:\\\/\\\/chateaudecalavon.com\\\/fr\\\/\"},{\"@type\":\"ListItem\",\"position\":2,\"name\":\"Home Pop-In\"}]},{\"@type\":\"WebSite\",\"@id\":\"https:\\\/\\\/chateaudecalavon.com\\\/fr\\\/#website\",\"url\":\"https:\\\/\\\/chateaudecalavon.com\\\/fr\\\/\",\"name\":\"chateaudecalavon\",\"description\":\"\",\"potentialAction\":[{\"@type\":\"SearchAction\",\"target\":{\"@type\":\"EntryPoint\",\"urlTemplate\":\"https:\\\/\\\/chateaudecalavon.com\\\/fr\\\/?s={search_term_string}\"},\"query-input\":{\"@type\":\"PropertyValueSpecification\",\"valueRequired\":true,\"valueName\":\"search_term_string\"}}],\"inLanguage\":\"fr-FR\"}]}<\/script>\n<!-- \/ Yoast SEO plugin. -->","yoast_head_json":{"title":"Home Pop-In - chateaudecalavon","robots":{"index":"index","follow":"follow","max-snippet":"max-snippet:-1","max-image-preview":"max-image-preview:large","max-video-preview":"max-video-preview:-1"},"canonical":"https:\/\/chateaudecalavon.com\/fr\/home-popup\/","og_locale":"fr_FR","og_type":"article","og_title":"Home Pop-In - chateaudecalavon","og_description":"[vc_row][vc_column][vc_column_text el_class=\u00a0\u00bbtitle\u00a0\u00bb]Paella g\u00e9ante au Ch\u00e2teau de Calavon Samedi 29 juin de 10h30 \u00e0 15h, venez vous r\u00e9galer et partager un moment de convivialit\u00e9[\/vc_column_text][vc_single_image image=\u00a0\u00bb904&Prime;][vc_column_text el_class=\u00a0\u00bbtext\u00a0\u00bb]Le Ch\u00e2teau de Calavon vous invite \u00e0 venir partager une paella g\u00e9ante pr\u00e9par\u00e9e par Vincent et son \u00e9quipe. Des coquillages et crustac\u00e9s (hu\u00eetres, bulots, moules, couteaux, crevettes&#8230;) seront aussi propos\u00e9s. Sur [&hellip;]","og_url":"https:\/\/chateaudecalavon.com\/fr\/home-popup\/","og_site_name":"chateaudecalavon","article_modified_time":"2024-07-02T08:05:41+00:00","og_image":[{"width":827,"height":827,"url":"https:\/\/chateaudecalavon.com\/wp-content\/uploads\/sites\/6\/2024\/06\/Venez-partager-notre-paella-geante-et-feter-lete-tous-ensemble2.png","type":"image\/png"}],"twitter_card":"summary_large_image","twitter_misc":{"Dur\u00e9e de lecture estim\u00e9e":"1 minute"},"schema":{"@context":"https:\/\/schema.org","@graph":[{"@type":"WebPage","@id":"https:\/\/chateaudecalavon.com\/fr\/home-popup\/","url":"https:\/\/chateaudecalavon.com\/fr\/home-popup\/","name":"Home Pop-In - chateaudecalavon","isPartOf":{"@id":"https:\/\/chateaudecalavon.com\/fr\/#website"},"primaryImageOfPage":{"@id":"https:\/\/chateaudecalavon.com\/fr\/home-popup\/#primaryimage"},"image":{"@id":"https:\/\/chateaudecalavon.com\/fr\/home-popup\/#primaryimage"},"thumbnailUrl":"https:\/\/chateaudecalavon.com\/wp-content\/uploads\/sites\/6\/2024\/06\/Venez-partager-notre-paella-geante-et-feter-lete-tous-ensemble2.png","datePublished":"2023-11-24T15:14:09+00:00","dateModified":"2024-07-02T08:05:41+00:00","breadcrumb":{"@id":"https:\/\/chateaudecalavon.com\/fr\/home-popup\/#breadcrumb"},"inLanguage":"fr-FR","potentialAction":[{"@type":"ReadAction","target":["https:\/\/chateaudecalavon.com\/fr\/home-popup\/"]}]},{"@type":"ImageObject","inLanguage":"fr-FR","@id":"https:\/\/chateaudecalavon.com\/fr\/home-popup\/#primaryimage","url":"https:\/\/chateaudecalavon.com\/wp-content\/uploads\/sites\/6\/2024\/06\/Venez-partager-notre-paella-geante-et-feter-lete-tous-ensemble2.png","contentUrl":"https:\/\/chateaudecalavon.com\/wp-content\/uploads\/sites\/6\/2024\/06\/Venez-partager-notre-paella-geante-et-feter-lete-tous-ensemble2.png","width":827,"height":827,"caption":"Venez partager notre paella g\u00e9ante et f\u00eater l\u2019\u00e9t\u00e9 tous ensemble"},{"@type":"BreadcrumbList","@id":"https:\/\/chateaudecalavon.com\/fr\/home-popup\/#breadcrumb","itemListElement":[{"@type":"ListItem","position":1,"name":"Home","item":"https:\/\/chateaudecalavon.com\/fr\/"},{"@type":"ListItem","position":2,"name":"Home Pop-In"}]},{"@type":"WebSite","@id":"https:\/\/chateaudecalavon.com\/fr\/#website","url":"https:\/\/chateaudecalavon.com\/fr\/","name":"chateaudecalavon","description":"","potentialAction":[{"@type":"SearchAction","target":{"@type":"EntryPoint","urlTemplate":"https:\/\/chateaudecalavon.com\/fr\/?s={search_term_string}"},"query-input":{"@type":"PropertyValueSpecification","valueRequired":true,"valueName":"search_term_string"}}],"inLanguage":"fr-FR"}]}},"_links":{"self":[{"href":"https:\/\/chateaudecalavon.com\/fr\/wp-json\/wp\/v2\/pages\/335","targetHints":{"allow":["GET"]}}],"collection":[{"href":"https:\/\/chateaudecalavon.com\/fr\/wp-json\/wp\/v2\/pages"}],"about":[{"href":"https:\/\/chateaudecalavon.com\/fr\/wp-json\/wp\/v2\/types\/page"}],"author":[{"embeddable":true,"href":"https:\/\/chateaudecalavon.com\/fr\/wp-json\/wp\/v2\/users\/1"}],"replies":[{"embeddable":true,"href":"https:\/\/chateaudecalavon.com\/fr\/wp-json\/wp\/v2\/comments?post=335"}],"version-history":[{"count":3,"href":"https:\/\/chateaudecalavon.com\/fr\/wp-json\/wp\/v2\/pages\/335\/revisions"}],"predecessor-version":[{"id":929,"href":"https:\/\/chateaudecalavon.com\/fr\/wp-json\/wp\/v2\/pages\/335\/revisions\/929"}],"wp:featuredmedia":[{"embeddable":true,"href":"https:\/\/chateaudecalavon.com\/fr\/wp-json\/wp\/v2\/media\/904"}],"wp:attachment":[{"href":"https:\/\/chateaudecalavon.com\/fr\/wp-json\/wp\/v2\/media?parent=335"}],"curies":[{"name":"wp","href":"https:\/\/api.w.org\/{rel}","templated":true}]}}

<div class="wpb-content-wrapper"><p>[vc_row][vc_column][vc_column_text el_class= »title »]<span class="f1">Paella géante au Château de Calavon</span></p>
<p><span class="f1">Samedi 29 juin de 10h30 à 15h, venez vous régaler et partager un moment de convivialité</span>[/vc_column_text][vc_single_image image= »904&Prime;][vc_column_text el_class= »text »]<span class="f2">Le Château de Calavon vous invite à venir partager une paella géante préparée par Vincent et son équipe. Des coquillages et crustacés (huîtres, bulots, moules, couteaux, crevettes&#8230;) seront aussi proposés.<br />
Sur place ou à emporter, portion de paella vendue 13€.</span></p>
<p><span class="f2">Venez nombreux.</span></p>
<p><span class="f2">Réservation au 0442571537.</span>[/vc_column_text][vc_btn title= »Plus d&rsquo;infos » align= »center » el_class= »btn-icon c4 f2&Prime; link= »url:https%3A%2F%2Fchateaudecalavon.com%2Ffr%2Fevenements%2F|title:Ev%C3%A8nements|target:_blank »][/vc_column][/vc_row]</p>
</div>

<p>[vc_row][vc_column][vc_column_text el_class= »title »]Paella géante au Château de Calavon Samedi 29 juin de 10h30 à 15h, venez vous régaler et partager un moment de convivialité[/vc_column_text][vc_single_image image= »904&Prime;][vc_column_text el_class= »text »]Le Château de Calavon vous invite à venir partager une paella géante préparée par Vincent et son équipe. Des coquillages et crustacés (huîtres, bulots, moules, couteaux, crevettes&#8230;) seront aussi proposés. Sur [&hellip;]</p>

<!-- This site is optimized with the Yoast SEO plugin v27.3 - https://yoast.com/product/yoast-seo-wordpress/ -->
<title>Home Pop-In - chateaudecalavon</title>
<meta name="robots" content="index, follow, max-snippet:-1, max-image-preview:large, max-video-preview:-1" />
<link rel="canonical" href="https://chateaudecalavon.com/fr/home-popup/" />
<meta property="og:locale" content="fr_FR" />
<meta property="og:type" content="article" />
<meta property="og:title" content="Home Pop-In - chateaudecalavon" />
<meta property="og:description" content="[vc_row][vc_column][vc_column_text el_class= »title »]Paella géante au Château de Calavon Samedi 29 juin de 10h30 à 15h, venez vous régaler et partager un moment de convivialité[/vc_column_text][vc_single_image image= »904&Prime;][vc_column_text el_class= »text »]Le Château de Calavon vous invite à venir partager une paella géante préparée par Vincent et son équipe. Des coquillages et crustacés (huîtres, bulots, moules, couteaux, crevettes&#8230;) seront aussi proposés. Sur [&hellip;]" />
<meta property="og:url" content="https://chateaudecalavon.com/fr/home-popup/" />
<meta property="og:site_name" content="chateaudecalavon" />
<meta property="article:modified_time" content="2024-07-02T08:05:41+00:00" />
<meta property="og:image" content="https://chateaudecalavon.com/wp-content/uploads/sites/6/2024/06/Venez-partager-notre-paella-geante-et-feter-lete-tous-ensemble2.png" />
	<meta property="og:image:width" content="827" />
	<meta property="og:image:height" content="827" />
	<meta property="og:image:type" content="image/png" />
<meta name="twitter:card" content="summary_large_image" />
<meta name="twitter:label1" content="Durée de lecture estimée" />
	<meta name="twitter:data1" content="1 minute" />
<script type="application/ld+json" class="yoast-schema-graph">{"@context":"https:\/\/schema.org","@graph":[{"@type":"WebPage","@id":"https:\/\/chateaudecalavon.com\/fr\/home-popup\/","url":"https:\/\/chateaudecalavon.com\/fr\/home-popup\/","name":"Home Pop-In - chateaudecalavon","isPartOf":{"@id":"https:\/\/chateaudecalavon.com\/fr\/#website"},"primaryImageOfPage":{"@id":"https:\/\/chateaudecalavon.com\/fr\/home-popup\/#primaryimage"},"image":{"@id":"https:\/\/chateaudecalavon.com\/fr\/home-popup\/#primaryimage"},"thumbnailUrl":"https:\/\/chateaudecalavon.com\/wp-content\/uploads\/sites\/6\/2024\/06\/Venez-partager-notre-paella-geante-et-feter-lete-tous-ensemble2.png","datePublished":"2023-11-24T15:14:09+00:00","dateModified":"2024-07-02T08:05:41+00:00","breadcrumb":{"@id":"https:\/\/chateaudecalavon.com\/fr\/home-popup\/#breadcrumb"},"inLanguage":"fr-FR","potentialAction":[{"@type":"ReadAction","target":["https:\/\/chateaudecalavon.com\/fr\/home-popup\/"]}]},{"@type":"ImageObject","inLanguage":"fr-FR","@id":"https:\/\/chateaudecalavon.com\/fr\/home-popup\/#primaryimage","url":"https:\/\/chateaudecalavon.com\/wp-content\/uploads\/sites\/6\/2024\/06\/Venez-partager-notre-paella-geante-et-feter-lete-tous-ensemble2.png","contentUrl":"https:\/\/chateaudecalavon.com\/wp-content\/uploads\/sites\/6\/2024\/06\/Venez-partager-notre-paella-geante-et-feter-lete-tous-ensemble2.png","width":827,"height":827,"caption":"Venez partager notre paella géante et fêter l’été tous ensemble"},{"@type":"BreadcrumbList","@id":"https:\/\/chateaudecalavon.com\/fr\/home-popup\/#breadcrumb","itemListElement":[{"@type":"ListItem","position":1,"name":"Home","item":"https:\/\/chateaudecalavon.com\/fr\/"},{"@type":"ListItem","position":2,"name":"Home Pop-In"}]},{"@type":"WebSite","@id":"https:\/\/chateaudecalavon.com\/fr\/#website","url":"https:\/\/chateaudecalavon.com\/fr\/","name":"chateaudecalavon","description":"","potentialAction":[{"@type":"SearchAction","target":{"@type":"EntryPoint","urlTemplate":"https:\/\/chateaudecalavon.com\/fr\/?s={search_term_string}"},"query-input":{"@type":"PropertyValueSpecification","valueRequired":true,"valueName":"search_term_string"}}],"inLanguage":"fr-FR"}]}</script>
<!-- / Yoast SEO plugin. -->

[vc_row][vc_column][vc_column_text el_class= »title »]Paella géante au Château de Calavon Samedi 29 juin de 10h30 à 15h, venez vous régaler et partager un moment de convivialité[/vc_column_text][vc_single_image image= »904&Prime;][vc_column_text el_class= »text »]Le Château de Calavon vous invite à venir partager une paella géante préparée par Vincent et son équipe. Des coquillages et crustacés (huîtres, bulots, moules, couteaux, crevettes&#8230;) seront aussi proposés. Sur [&hellip;]

Venez partager notre paella géante et fêter l’été tous ensemble
